{"id":225,"date":"2017-07-26T15:20:07","date_gmt":"2017-07-26T13:20:07","guid":{"rendered":"https:\/\/akzente.jetzt\/?page_id=225"},"modified":"2018-02-15T13:17:52","modified_gmt":"2018-02-15T12:17:52","slug":"angelika-michl","status":"publish","type":"page","link":"https:\/\/akzente.jetzt\/cms\/angelika-michl\/","title":{"rendered":"Angelika Michl"},"content":{"rendered":"<section id=\"angelika-michl\" class=\"main special\">\n<div class=\"8u\"><span class=\"image left\"><a href=\"https:\/\/akzente.jetzt\/cms\/wp-content\/uploads\/2017\/07\/20160708-IMG_0650.jpg\"><img decoding=\"async\" class=\"alignnone size-large wp-image-294\" src=\"https:\/\/akzente.jetzt\/cms\/wp-content\/uploads\/2017\/07\/20160708-IMG_0650-1334x2000.jpg\" alt=\"\" width=\"350\" srcset=\"https:\/\/akzente.jetzt\/cms\/wp-content\/uploads\/2017\/07\/20160708-IMG_0650-1334x2000.jpg 1334w, https:\/\/akzente.jetzt\/cms\/wp-content\/uploads\/2017\/07\/20160708-IMG_0650-200x300.jpg 200w, https:\/\/akzente.jetzt\/cms\/wp-content\/uploads\/2017\/07\/20160708-IMG_0650-768x1152.jpg 768w, https:\/\/akzente.jetzt\/cms\/wp-content\/uploads\/2017\/07\/20160708-IMG_0650.jpg 1707w\" sizes=\"(max-width: 1334px) 100vw, 1334px\" \/><\/a><\/span><\/div>\n<p style=\"text-align: left;\">Als freie K\u00fcnstlerin kann ich selbstbestimmt und aus meinem Inneren heraus leben. Es bereitet mir Freude, mich selbst zu entdecken und dies in meinen Werken wieder zu spiegeln. Ich bin davon \u00fcberzeugt, dass in jedem von uns eine k\u00fcnstlerische F\u00e4higkeit steckt, die heutzutage leider viel zu wenig gef\u00f6rdert wird. Ich male schon seit Kindesbeinen an, jedoch hat sich mein Malstil in jedem Lebensabschnitt ver\u00e4ndert. Heute bin ich bei mir und meinem Stil angekommen.<\/p>\n<p style=\"text-align: left;\">E-Mail Adresse: <a href=\"mailto:angelika.michl@akzente.jetzt\">angelika.michl@akzente.jetzt<\/a><\/p>\n<h2 style=\"text-align: left;\">Vita<\/h2>\n<p style=\"text-align: left;\">Geboren wurde ich 1961 in Bad Mergentheim. Ich hatte das Gl\u00fcck, dass ich schon immer in einem kreativen Umfeld gebettet war. Als Kindergartenkind bastelte und malte ich viel und das Spiel in der Natur und deren Materialien, war t\u00e4gliches Programm, dass auch in meinem Elternhaus gepflegt wurde. W\u00e4hrend meiner schulischen Ausbildung hat das Fach Kunst einen gro\u00dfen Stellenwert eingenommen. Auch w\u00e4hrend meiner 4 j\u00e4hrige Ausbildung an der Fachakademie f\u00fcr Sozialp\u00e4dagogik waren die musisch \u2013 kreativen F\u00e4cher ein Schwerpunkt.<\/p>\n<p style=\"text-align: left;\">Ich bin gl\u00fccklich verheiratet, habe zwei erwachsene T\u00f6chter und bereits zwei Enkelkinder. W\u00e4hrend meiner Berufsjahre arbeitete ich mit geistig-behinderten Menschen, mit kleinen Kindern, Erwachsenen, Therapeuten und \u00c4mtern zusammen. In den letzten 10 Berufsjahren als Erzieherin war ich als Leitung einer Kita t\u00e4tig. Nun war die Zeit reif neue Wege einzuschlagen um meiner Kreativit\u00e4t wieder mehr Raum zu geben. Heute bin ich froh dar\u00fcber, dass ich diesen Schritt gegangen bin. Auf meinem neuen Weg entstand \u00fcber die Malerei und meiner Kreativit\u00e4t, der Impuls, Menschen zu inspirieren, \u00fcber die Kunst einen besseren Blick auf sich und ihr Leben zu bekommen.<\/p>\n<blockquote style=\"text-align: left;\"><p>Seinen Weg erkennen, ist eine herausfordernde Aufgabe,<br \/>\nder man sich immer wieder stellen sollte um ihn dann mit Mut,<br \/>\nEmpathie und Freude gehen zu k\u00f6nnen.<\/p><\/blockquote>\n<h3>Kreativit\u00e4t, macht den Kopf frei und gibt Denkanst\u00f6\u00dfe f\u00fcr Neues<\/h3>\n<p style=\"clear: both;\">\n<\/section>\n","protected":false},"excerpt":{"rendered":"<p>Als freie K\u00fcnstlerin kann ich selbstbestimmt und aus meinem Inneren heraus leben. Es bereitet mir Freude, mich selbst zu entdecken und dies in meinen Werken wieder zu spiegeln. Ich bin davon \u00fcberzeugt, dass in jedem von uns eine k\u00fcnstlerische F\u00e4higkeit steckt, die heutzutage leider viel zu wenig gef\u00f6rdert wird. Ich male schon seit Kindesbeinen an, [&hellip;]<\/p>\n","protected":false},"author":1,"featured_media":0,"parent":0,"menu_order":0,"comment_status":"closed","ping_status":"closed","template":"","meta":{"footnotes":""},"_links":{"self":[{"href":"https:\/\/akzente.jetzt\/cms\/wp-json\/wp\/v2\/pages\/225"}],"collection":[{"href":"https:\/\/akzente.jetzt\/cms\/wp-json\/wp\/v2\/pages"}],"about":[{"href":"https:\/\/akzente.jetzt\/cms\/wp-json\/wp\/v2\/types\/page"}],"author":[{"embeddable":true,"href":"https:\/\/akzente.jetzt\/cms\/wp-json\/wp\/v2\/users\/1"}],"replies":[{"embeddable":true,"href":"https:\/\/akzente.jetzt\/cms\/wp-json\/wp\/v2\/comments?post=225"}],"version-history":[{"count":19,"href":"https:\/\/akzente.jetzt\/cms\/wp-json\/wp\/v2\/pages\/225\/revisions"}],"predecessor-version":[{"id":439,"href":"https:\/\/akzente.jetzt\/cms\/wp-json\/wp\/v2\/pages\/225\/revisions\/439"}],"wp:attachment":[{"href":"https:\/\/akzente.jetzt\/cms\/wp-json\/wp\/v2\/media?parent=225"}],"curies":[{"name":"wp","href":"https:\/\/api.w.org\/{rel}","templated":true}]}}

<section id="angelika-michl" class="main special">
<div class="8u"><span class="image left"><a href="https://akzente.jetzt/cms/wp-content/uploads/2017/07/20160708-IMG_0650.jpg"><img decoding="async" class="alignnone size-large wp-image-294" src="https://akzente.jetzt/cms/wp-content/uploads/2017/07/20160708-IMG_0650-1334x2000.jpg" alt="" width="350" srcset="https://akzente.jetzt/cms/wp-content/uploads/2017/07/20160708-IMG_0650-1334x2000.jpg 1334w, https://akzente.jetzt/cms/wp-content/uploads/2017/07/20160708-IMG_0650-200x300.jpg 200w, https://akzente.jetzt/cms/wp-content/uploads/2017/07/20160708-IMG_0650-768x1152.jpg 768w, https://akzente.jetzt/cms/wp-content/uploads/2017/07/20160708-IMG_0650.jpg 1707w" sizes="(max-width: 1334px) 100vw, 1334px" /></a></span></div>
<p style="text-align: left;">Als freie Künstlerin kann ich selbstbestimmt und aus meinem Inneren heraus leben. Es bereitet mir Freude, mich selbst zu entdecken und dies in meinen Werken wieder zu spiegeln. Ich bin davon überzeugt, dass in jedem von uns eine künstlerische Fähigkeit steckt, die heutzutage leider viel zu wenig gefördert wird. Ich male schon seit Kindesbeinen an, jedoch hat sich mein Malstil in jedem Lebensabschnitt verändert. Heute bin ich bei mir und meinem Stil angekommen.</p>
<p style="text-align: left;">E-Mail Adresse: <a href="mailto:angelika.michl@akzente.jetzt">angelika.michl@akzente.jetzt</a></p>
<h2 style="text-align: left;">Vita</h2>
<p style="text-align: left;">Geboren wurde ich 1961 in Bad Mergentheim. Ich hatte das Glück, dass ich schon immer in einem kreativen Umfeld gebettet war. Als Kindergartenkind bastelte und malte ich viel und das Spiel in der Natur und deren Materialien, war tägliches Programm, dass auch in meinem Elternhaus gepflegt wurde. Während meiner schulischen Ausbildung hat das Fach Kunst einen großen Stellenwert eingenommen. Auch während meiner 4 jährige Ausbildung an der Fachakademie für Sozialpädagogik waren die musisch – kreativen Fächer ein Schwerpunkt.</p>
<p style="text-align: left;">Ich bin glücklich verheiratet, habe zwei erwachsene Töchter und bereits zwei Enkelkinder. Während meiner Berufsjahre arbeitete ich mit geistig-behinderten Menschen, mit kleinen Kindern, Erwachsenen, Therapeuten und Ämtern zusammen. In den letzten 10 Berufsjahren als Erzieherin war ich als Leitung einer Kita tätig. Nun war die Zeit reif neue Wege einzuschlagen um meiner Kreativität wieder mehr Raum zu geben. Heute bin ich froh darüber, dass ich diesen Schritt gegangen bin. Auf meinem neuen Weg entstand über die Malerei und meiner Kreativität, der Impuls, Menschen zu inspirieren, über die Kunst einen besseren Blick auf sich und ihr Leben zu bekommen.</p>
<blockquote style="text-align: left;"><p>Seinen Weg erkennen, ist eine herausfordernde Aufgabe,<br />
der man sich immer wieder stellen sollte um ihn dann mit Mut,<br />
Empathie und Freude gehen zu können.</p></blockquote>
<h3>Kreativität, macht den Kopf frei und gibt Denkanstöße für Neues</h3>
<p style="clear: both;">
</section>

<p>Als freie Künstlerin kann ich selbstbestimmt und aus meinem Inneren heraus leben. Es bereitet mir Freude, mich selbst zu entdecken und dies in meinen Werken wieder zu spiegeln. Ich bin davon überzeugt, dass in jedem von uns eine künstlerische Fähigkeit steckt, die heutzutage leider viel zu wenig gefördert wird. Ich male schon seit Kindesbeinen an, [&hellip;]</p>
