{"id":11,"date":"2017-05-25T14:21:30","date_gmt":"2017-05-25T12:21:30","guid":{"rendered":"https:\/\/akzente.jetzt\/cms\/?page_id=11"},"modified":"2018-02-14T12:02:02","modified_gmt":"2018-02-14T11:02:02","slug":"startseite","status":"publish","type":"page","link":"https:\/\/akzente.jetzt\/cms\/","title":{"rendered":"Startseite"},"content":{"rendered":"<section id=\"intension\" class=\"main\">\n<div class=\"\">\n<div class=\"content\">\n<header class=\"major\">\n<h2>Intension<\/h2>\n<\/header>\n<div class=\"12u\"><span class=\"image fit\"><img decoding=\"async\" src=\"https:\/\/akzente.jetzt\/cms\/wp-content\/uploads\/2017\/05\/IMG_0716.jpg\" alt=\"\" \/><\/span><\/div>\n<p class=\"content\">Wenn man sich im Hier und Jetzt auf seine Farben, das Material und seine innere Stimmung einl\u00e4sst, entsteht Kunst. Mit der Entstehung eines Werkes ist es wie im Leben. Hat man Freude daran, die Vergangenheit anzunehmen kann man mit Freude in die Zukunft blicken und so wird etwas Neues gedeihen und entstehen. Jedes Bild hat verschiedene Vorleben die zur Vollendung beitragen aber oft nur noch zu erahnen sind. Doch sie geh\u00f6ren dazu.<\/p>\n<p>Natur, Mensch und gesellschaftliche Themen sind die Grundlagen, die mich inspirieren. Ich m\u00f6chte der wachsenden Hektik in unserer Zeit etwas entgegen setzen. Kunst ist etwas Geistiges, das man in die irdische Welt holen kann. Mir ist dabei wichtig, dass die Phantasie des Betrachters geweckt wird und gleichzeitig meine Bilder dem Gegen\u00fcber einen Ruhepol bieten k\u00f6nnen.<\/p>\n<p>Meine Bilder haben meist keinen Titel, da ich die Phantasie des einzelnen nicht einschr\u00e4nken m\u00f6chte. So kann jeder seine eigene Wahrheit und Emotion in sich selbst finden und zu seinem eigenen K\u00fcnstler werden.<\/p>\n<p>Viel Spa\u00df beim Betrachten meiner <a href=\"https:\/\/akzente.jetzt\/werke\/\">Werke<\/a>!<\/p>\n<\/div>\n<\/div>\n<\/section>\n","protected":false},"excerpt":{"rendered":"<p>Intension Wenn man sich im Hier und Jetzt auf seine Farben, das Material und seine innere Stimmung einl\u00e4sst, entsteht Kunst. Mit der Entstehung eines Werkes ist es wie im Leben. Hat man Freude daran, die Vergangenheit anzunehmen kann man mit Freude in die Zukunft blicken und so wird etwas Neues gedeihen und entstehen. Jedes Bild [&hellip;]<\/p>\n","protected":false},"author":1,"featured_media":0,"parent":0,"menu_order":0,"comment_status":"closed","ping_status":"closed","template":"","meta":{"footnotes":""},"_links":{"self":[{"href":"https:\/\/akzente.jetzt\/cms\/wp-json\/wp\/v2\/pages\/11"}],"collection":[{"href":"https:\/\/akzente.jetzt\/cms\/wp-json\/wp\/v2\/pages"}],"about":[{"href":"https:\/\/akzente.jetzt\/cms\/wp-json\/wp\/v2\/types\/page"}],"author":[{"embeddable":true,"href":"https:\/\/akzente.jetzt\/cms\/wp-json\/wp\/v2\/users\/1"}],"replies":[{"embeddable":true,"href":"https:\/\/akzente.jetzt\/cms\/wp-json\/wp\/v2\/comments?post=11"}],"version-history":[{"count":25,"href":"https:\/\/akzente.jetzt\/cms\/wp-json\/wp\/v2\/pages\/11\/revisions"}],"predecessor-version":[{"id":431,"href":"https:\/\/akzente.jetzt\/cms\/wp-json\/wp\/v2\/pages\/11\/revisions\/431"}],"wp:attachment":[{"href":"https:\/\/akzente.jetzt\/cms\/wp-json\/wp\/v2\/media?parent=11"}],"curies":[{"name":"wp","href":"https:\/\/api.w.org\/{rel}","templated":true}]}}